{"id":1376,"date":"2023-11-23T14:07:58","date_gmt":"2023-11-23T14:07:58","guid":{"rendered":"https:\/\/gpsgolden.cl\/?post_type=product&#038;p=1376"},"modified":"2023-11-23T14:11:07","modified_gmt":"2023-11-23T14:11:07","slug":"sistema-inmovilizador-tipo-llavero","status":"publish","type":"product","link":"https:\/\/gpsgolden.cl\/index.php\/product\/sistema-inmovilizador-tipo-llavero\/","title":{"rendered":"SISTEMA INMOVILIZADOR, TIPO LLAVERO"},"content":{"rendered":"","protected":false},"excerpt":{"rendered":"<ul>\n<li>Inmovilizador para autos, motos, etc (anti portonazo o corta corriente)<\/li>\n<li>Alta seguridad, no detectable a simple vista<\/li>\n<li>Inmovilizaci\u00f3n del veh\u00edculo despu\u00e9s de un minuto y medio que el llavero se encuentre a 2 metros de distancia del receptor<\/li>\n<li>Incorpora bot\u00f3n de emergencia<\/li>\n<li>Bajo consumo de energ\u00eda<\/li>\n<\/ul>\n","protected":false},"featured_media":1379,"template":"","meta":{"_links_to":"","_links_to_target":""},"product_cat":[25],"product_tag":[],"class_list":{"0":"post-1376","1":"product","2":"type-product","3":"status-publish","4":"has-post-thumbnail","6":"product_cat-conectividad-4g","8":"first","9":"instock","10":"virtual","11":"product-type-simple"},"_links":{"self":[{"href":"https:\/\/gpsgolden.cl\/index.php\/wp-json\/wp\/v2\/product\/1376","targetHints":{"allow":["GET"]}}],"collection":[{"href":"https:\/\/gpsgolden.cl\/index.php\/wp-json\/wp\/v2\/product"}],"about":[{"href":"https:\/\/gpsgolden.cl\/index.php\/wp-json\/wp\/v2\/types\/product"}],"version-history":[{"count":3,"href":"https:\/\/gpsgolden.cl\/index.php\/wp-json\/wp\/v2\/product\/1376\/revisions"}],"predecessor-version":[{"id":1380,"href":"https:\/\/gpsgolden.cl\/index.php\/wp-json\/wp\/v2\/product\/1376\/revisions\/1380"}],"wp:featuredmedia":[{"embeddable":true,"href":"https:\/\/gpsgolden.cl\/index.php\/wp-json\/wp\/v2\/media\/1379"}],"wp:attachment":[{"href":"https:\/\/gpsgolden.cl\/index.php\/wp-json\/wp\/v2\/media?parent=1376"}],"wp:term":[{"taxonomy":"product_cat","embeddable":true,"href":"https:\/\/gpsgolden.cl\/index.php\/wp-json\/wp\/v2\/product_cat?post=1376"},{"taxonomy":"product_tag","embeddable":true,"href":"https:\/\/gpsgolden.cl\/index.php\/wp-json\/wp\/v2\/product_tag?post=1376"}],"curies":[{"name":"wp","href":"https:\/\/api.w.org\/{rel}","templated":true}]}}